*k + 31, -3*k + 19 = a. Calculate the remainder when 701 is divided by a.
13
Suppose -49*i - 958 = -51*i. Suppose -466 = -15*c + i. What is the remainder when 375 is divided by c?
60
Let d(j) = 75*j + 7024. What is the remainder when 388 is divided by d(-93)?
45
Suppose -5*c + 39*c = -12682. Let s = -318 - c. Calculate the remainder when s is divided by (-58)/(-4) + (-1)/2.
13
Let p = -2127 + 2133. What is the remainder when 12 is divided by p?
0
Let f(g) = -321*g - 7370. What is the remainder when 11126 is divided by f(-23)?
11
Let g be (-1928)/14 + 76/28 + -3. Let k = g - -208. Suppose k = 2*x + 2. What is the remainder when x is divided by 9?
7
Let p = 52 + -103. Let w = -42 - p. What is the remainder when 61 is divided by w?
7
Suppose 66 = 5*f + f. Suppose -5*u + 34 = 3*d, d + f - 34 = -4*u. Suppose -3*v + 16 = u*v. What is the remainder when 10 is divided by v?
0
Let l(q) = q**2 + 13*q - 8. Let r be l(-14). Suppose -1685 = j - r*j. Calculate the remainder when j is divided by 17.
14
Let m(z) = -3*z**3 + 78*z**2 - 132*z - 58. What is the remainder when m(24) is divided by 49?
34
Suppose -41 = 4*r - 209. What is the remainder when r/56 + 813/4 is divided by 15?
9
Let f(c) = c**2 + 131*c - 1437. Calculate the remainder when f(11) is divided by 47.
31
Let b(y) = -6*y + 2. Let g(c) = 16*c - 121. Let z(r) = -30*r + 242. Let f(d) = 11*g(d) + 6*z(d). What is the remainder when f(6) is divided by b(-3)?
17
Suppose -q + 24 = t, -5*t - 72*q + 19 + 34 = 0. Let v(w) = -19*w + 1. What is the remainder when v(-5) is divided by t?
21
Suppose 0 = i + 50 - 66. Suppose 0 = -i*j - 169 + 505. What is the remainder when 39 is divided by j?
18
Calculate the remainder when (-604)/(-7)*3738/1068 is divided by 159.
143
Suppose 3*k + 5*v = -166 + 8949, 3*v = -k + 2933. What is the remainder when k is divided by 244?
237
Let d = -565766 + 565774. What is the remainder when -2 - (-58)/(-2)*-1 is divided by d?
3
Let b be 0/7 - 2*-3*1. Let w(d) = 4*d - 9. What is the remainder when (27792/66)/b - 4/22 is divided by w(9)?
16
Suppose 4*l - 810 = 2*d, -4*d + 3*l + 458 = 2063. Let a = 551 + d. What is the remainder when a is divided by 7?
5
Let q(o) = -14*o**3 + 2*o**2 - o + 14. Suppose d = -0 + 16. What is the remainder when d is divided by q(0)?
2
Let q be (-190)/(-10) - (-1 - -2). Suppose -q*k + 6 = -24*k. Calculate the remainder when (-2 + k + (-15)/(-9))*-6 is divided by 3.
2
Suppose 5*f - m - 415 = 0, -29*f - 226 = -32*f - 4*m. What is the remainder when f is divided by 60?
22
Suppose -27*y + 29*y - 88 = -2*n, -5*n + 2*y + 192 = 0. What is the remainder when 2158 is divided by n?
38
Suppose 2*i = 5*z - 2, 0*z + i = z - 1. Suppose z = 31*l + 15*l - 184. Calculate the remainder when 17 is divided by l.
1
Let a be (-3)/(896/8330 + (-2)/14). Let b = -78 + a. Calculate the remainder when 97 is divided by b.
6
Let o = 241 + -236. Suppose -8*d - 3*f = -9*d + 194, 990 = o*d + 5*f. Calculate the remainder when d is divided by 67.
63
Suppose 3*g + 14*s - 18*s - 393 = 0, 0 = 5*s. What is the remainder when 1037 is divided by g?
120
Let b(u) = 2*u**3 - 10*u**2 + 2*u + 23. What is the remainder when b(9) is divided by 14?
3
Let v(x) = 7*x**2 - 4*x + 35. Suppose -i - 3*i + 2*n = -272, 333 = 5*i + n. What is the remainder when v(6) is divided by i?
62
Let s(a) be the third derivative of -a**6/120 + a**5/30 - a**4/24 - a**3/3 + 21*a**2. What is the remainder when 5 + 6 + 1 + 147 is divided by s(-2)?
15
Suppose -g + 4*r + 869 = 2*g, 0 = 2*g - r - 581. Suppose -g = -7*d - 74. Calculate the remainder when d is divided by 28.
3
Suppose 0 = 7*a - 14*a - 168. Let u(b) = -4*b - 73. Calculate the remainder when u(a) is divided by 19.
4
Suppose 0 = -8*g - 7 + 7. Suppose 550*t - 546*t - 1204 = g. What is the remainder when t is divided by 77?
70
Suppose -10 = 5*n, -4*n = -q - 8*n + 3. Suppose -5*w = -13*t + q*t + 1064, -w + 2633 = 5*t. Calculate the remainder when t is divided by 33.
32
Suppose 4*y - 4*k = 72, 3*y + 77*k - 81*k - 49 = 0. Let x = 5 - 7. What is the remainder when (7*x)/((-4)/26) is divided by y?
22
Let t(d) = -2*d**2 + 21*d - 36. What is the remainder when 698 is divided by t(7)?
9
Suppose -5*k + 610 = -8*k - 4*x, -k + x = 215. Let y = k + 246. Calculate the remainder when 107 is divided by y.
35
Calculate the remainder when (5 - (-14988)/21) + 35/(-49) is divided by 216.
70
Suppose 5*l = 4*h - 21, 0 = 4*h + l - 15 - 0. Suppose 7*b - 10*b + h*m + 103 = 0, 2*b + m - 65 = 0. Calculate the remainder when 94 is divided by b.
28
Suppose 0*g - 50 = -2*g. Suppose -g + 17 = 2*x. Let k(p) = 3*p**2 + 4*p - 4. What is the remainder when 109 is divided by k(x)?
25
Suppose -6*q - 8 + 26 = 0. Suppose -c - q*z = 2*z - 4, c - 1 = -2*z. What is the remainder when 58 is divided by (31 - c) + (-1)/1?
27
Suppose 70 = -16*r + 29*r - 268. Calculate the remainder when 3220 is divided by r.
22
Suppose -4*l - 2*n + 251 = -147, -514 = -5*l + 3*n. Calculate the remainder when l is divided by 16.
5
Let l = 13482 - 12787. Calculate the remainder when l is divided by 78.
71
Suppose -3*o - 4*j = -28, -4*o = 4*j - 1 - 31. Suppose 2*g + 1 = o*y + 29, 2*g - 2*y - 24 = 0. What is the remainder when g is divided by 6?
4
Suppose 7*v + 992 = 2553. Suppose 3*p - 5*k - 166 = 0, -29 = -2*p + k + 84. What is the remainder when v is divided by p?
52
Let o = 21 - 18. Let d(t) = t**o - 9 + 0 + 23*t**2 - 21*t + 0*t**3 - 7*t**2. Calculate the remainder when d(-17) is divided by 10.
9
Suppose -16 + 657 = o. Calculate the remainder when o is divided by 92.
89
Suppose -3*s + 2*s = 27. Let m be (-785)/(-9) + 6/s. Let l = -72 + m. Calculate the remainder when 58 is divided by l.
13
Let t(y) = 11*y. Suppose 4*x + 665 = m - 4*m, m + 5*x + 207 = 0. Calculate the remainder when t(9) is divided by (-3)/(27/m) + (-6)/27.
24
Let x be ((-1)/(-8) - 20/160) + 37. Suppose 3*g = -4*y - 1, -5*g = -5*y + 2*y - x. What is the remainder when 22 is divided by g?
2
Suppose 5*u - 6*u + 390 = -2*s, 5*u - 1885 = -3*s. Suppose 9*o + 38 = u. Calculate the remainder when 126 is divided by o.
12
Let m be 2 + 3*(-2 - -3). Suppose 0 = -m*f + 5*x - 1 - 29, 3*x = -5*f + 10. What is the remainder when (1 - (f + 2))/(-1) - -36 is divided by 23?
13
Let q be -12 - 2 - -1 - (0 - -2). Let o = q - -16. What is the remainder when (-3 - 8/(-3))/(o/(-57)) is divided by 4?
3
What is the remainder when (-2)/2*4866/(-12)*(7 - 5) is divided by 12?
7
Suppose -s - 8944 = 4*b - 27360, 4613 = b - 2*s. What is the remainder when b is divided by 12?
9
Let h(z) = 80*z**2 - 345*z - 33. What is the remainder when h(8) is divided by 60?
47
Suppose -32 = -8*m + 32. Suppose -266 = -5*c - 3*w, -m*w + 6*w + 49 = c. What is the remainder when c is divided by 39?
16
Let k(w) = -w**3 + 7*w**2 + 31*w + 10. Suppose 11*l - 13 = 97. Calculate the remainder when 97 is divided by k(l).
17
Let y(a) = 538*a**2 - 119*a - 119. What is the remainder when y(-1) is divided by 96?
58
Let r(k) = 10*k - 8. Let j be ((-3)/(-2))/(1/6). Let f(u) = 4*u + 21. What is the remainder when f(j) is divided by r(2)?
9
Calculate the remainder when 139 is divided by (-1)/(-10)*312 - (-1)/(-5).
15
Let l(y) = 3*y**3 - 295*y**2 + 96*y + 225. What is the remainder when 2521 is divided by l(98)?
27
Suppose 6470 - 526 = k - 6725. What is the remainder when k is divided by 23?
19
What is the remainder when (3136/(2 - 6))/(-2) is divided by 129?
5
Let f = -367 - -423. Suppose w + r = 164, 21*w - 492 = 18*w - 4*r. What is the remainder when w is divided by f?
52
Suppose 34*k - 1595 - 17411 = 0. Let j = -500 + k. Calculate the remainder when 176 is divided by j.
58
Suppose 0 = -f + l + 6, -2*l = 2*f + 2*l + 12. Suppose i = 5*c - 14, -2*c + f = -6. Suppose 0 = z - 20 + i. Calculate the remainder when z is divided by 8.
6
Let b(t) = -2*t**3 - 6*t**2 - 4*t. Let g = 68 - 46. Calculate the remainder when (-4)/g - (-56484)/297 is divided by b(-4).
46
Calculate the remainder when -430*((-40)/(-14) + -3)*(-441)/(-126) is divided by (-1 + 0)*64/(-2).
23
Let a = 387 + -387. Suppose a = -k + r + 76, k - 46 - 28 = 3*r. Suppose 2*m = 3*f + 40, -4*m + 0*m = 3*f - 116. Calculate the remainder when k is divided by m.
25
Let w(u) = u**3 + 8*u**2 + 12*u - 1. Suppose 0 = -i + 13 - 19. Let c be w(i). Let r(s) = -31*s**3 - s**2 + s. What is